{"id":513,"date":"2021-10-12T21:02:54","date_gmt":"2021-10-12T21:02:54","guid":{"rendered":"https:\/\/eltenderete.org\/?page_id=513"},"modified":"2022-04-05T10:26:47","modified_gmt":"2022-04-05T10:26:47","slug":"decalogo","status":"publish","type":"page","link":"https:\/\/eltenderete.org\/?page_id=513","title":{"rendered":"Dec\u00e1logo"},"content":{"rendered":"\n<p class=\"has-medium-font-size\"><strong>Dec\u00e1logo para el buen funcionamiento del Merc\u00e1u<\/strong> <strong>\u201cEl Tenderete\u201d<\/strong><\/p>\n\n\n\n<ol class=\"wp-block-list\" type=\"1\"><li>El horario de venta al p\u00fablico es de <strong>11h a 15h<\/strong>. Todo lo que suceda despu\u00e9s de este horario, la responsabilidad est\u00e1 fuera de la organizaci\u00f3n.<\/li><li>Disponemos de 9h a 11h para montar los puestos y de 15h a 16h para desmontar.<\/li><li>El <strong>permiso de venta ambulante<\/strong> debe estar <strong>visible<\/strong> en todo momento.<\/li><li>Asistir al mercado con un puesto de <strong>3x3m<\/strong> \u00a0\u00f3 <strong>3x2m<\/strong> tiene una cuota de <strong>10\u20ac.<\/strong><\/li><li>Todos los puestos se responsabilizan de la <strong>limpieza<\/strong> de su espacio al finalizar el mercado y dispondr\u00e1n de papelera visible para los residuos que se generen durante el evento.<\/li><li>Rellenar el formulario supone un <strong>compromiso de asistencia<\/strong> al mercado. La no asistencia no exime del pago de la cuota.<\/li><li>Sugerimos indicar los precios de todos los productos.<\/li><li>Recomendamos, para productos de alimentaci\u00f3n y cosm\u00e9tica, especificar su procedencia, composici\u00f3n y\/o elaboraci\u00f3n con un peque\u00f1o cartel.<\/li><li>Actualmente no contamos con autorizaci\u00f3n del Ayuntamiento para el uso del polideportivo en caso de lluvia.<\/li><li>Los perros mejor en casa. Si vienen, atados y controlados al lado de los due\u00f1os. Poner atenci\u00f3n con los orines.<\/li><\/ol>\n\n\n\n<p>Estamos encantadas de recibir vuestros comentarios o sugerencias en el puesto de informaci\u00f3n.<\/p>\n\n\n\n<p><strong>EL MERC\u00c1U ES DE TODAS Y LA RESPONSABILIDAD SE COMPARTE<\/strong><\/p>\n","protected":false},"excerpt":{"rendered":"<p>Dec\u00e1logo para el buen funcionamiento del Merc\u00e1u \u201cEl Tenderete\u201d El horario de venta al p\u00fablico es de 11h a 15h. Todo lo que suceda despu\u00e9s de este horario, la responsabilidad est\u00e1 fuera de la organizaci\u00f3n. Disponemos de 9h a 11h para montar los puestos y de 15h a 16h para desmontar. El permiso de venta [&hellip;]<\/p>\n","protected":false},"author":1,"featured_media":0,"parent":30,"menu_order":1,"comment_status":"closed","ping_status":"closed","template":"template-fullwidth.php","meta":{"footnotes":""},"class_list":["post-513","page","type-page","status-publish","hentry","post-preview"],"jetpack_sharing_enabled":true,"jetpack_likes_enabled":true,"jetpack-related-posts":[],"_links":{"self":[{"href":"https:\/\/eltenderete.org\/index.php?rest_route=\/wp\/v2\/pages\/513","targetHints":{"allow":["GET"]}}],"collection":[{"href":"https:\/\/eltenderete.org\/index.php?rest_route=\/wp\/v2\/pages"}],"about":[{"href":"https:\/\/eltenderete.org\/index.php?rest_route=\/wp\/v2\/types\/page"}],"author":[{"embeddable":true,"href":"https:\/\/eltenderete.org\/index.php?rest_route=\/wp\/v2\/users\/1"}],"replies":[{"embeddable":true,"href":"https:\/\/eltenderete.org\/index.php?rest_route=%2Fwp%2Fv2%2Fcomments&post=513"}],"version-history":[{"count":1,"href":"https:\/\/eltenderete.org\/index.php?rest_route=\/wp\/v2\/pages\/513\/revisions"}],"predecessor-version":[{"id":666,"href":"https:\/\/eltenderete.org\/index.php?rest_route=\/wp\/v2\/pages\/513\/revisions\/666"}],"up":[{"embeddable":true,"href":"https:\/\/eltenderete.org\/index.php?rest_route=\/wp\/v2\/pages\/30"}],"wp:attachment":[{"href":"https:\/\/eltenderete.org\/index.php?rest_route=%2Fwp%2Fv2%2Fmedia&parent=513"}],"curies":[{"name":"wp","href":"https:\/\/api.w.org\/{rel}","templated":true}]}}

Decálogo

<p class="has-medium-font-size"><strong>Decálogo para el buen funcionamiento del Mercáu</strong> <strong>“El Tenderete”</strong></p>



<ol class="wp-block-list" type="1"><li>El horario de venta al público es de <strong>11h a 15h</strong>. Todo lo que suceda después de este horario, la responsabilidad está fuera de la organización.</li><li>Disponemos de 9h a 11h para montar los puestos y de 15h a 16h para desmontar.</li><li>El <strong>permiso de venta ambulante</strong> debe estar <strong>visible</strong> en todo momento.</li><li>Asistir al mercado con un puesto de <strong>3x3m</strong>  ó <strong>3x2m</strong> tiene una cuota de <strong>10€.</strong></li><li>Todos los puestos se responsabilizan de la <strong>limpieza</strong> de su espacio al finalizar el mercado y dispondrán de papelera visible para los residuos que se generen durante el evento.</li><li>Rellenar el formulario supone un <strong>compromiso de asistencia</strong> al mercado. La no asistencia no exime del pago de la cuota.</li><li>Sugerimos indicar los precios de todos los productos.</li><li>Recomendamos, para productos de alimentación y cosmética, especificar su procedencia, composición y/o elaboración con un pequeño cartel.</li><li>Actualmente no contamos con autorización del Ayuntamiento para el uso del polideportivo en caso de lluvia.</li><li>Los perros mejor en casa. Si vienen, atados y controlados al lado de los dueños. Poner atención con los orines.</li></ol>



<p>Estamos encantadas de recibir vuestros comentarios o sugerencias en el puesto de información.</p>



<p><strong>EL MERCÁU ES DE TODAS Y LA RESPONSABILIDAD SE COMPARTE</strong></p>

<p>Decálogo para el buen funcionamiento del Mercáu “El Tenderete” El horario de venta al público es de 11h a 15h. Todo lo que suceda después de este horario, la responsabilidad está fuera de la organización. Disponemos de 9h a 11h para montar los puestos y de 15h a 16h para desmontar. El permiso de venta [&hellip;]</p>
