{"id":30,"date":"2016-09-17T22:16:24","date_gmt":"2016-09-17T22:16:24","guid":{"rendered":"https:\/\/eltenderetecabranes.wordpress.com\/?page_id=30"},"modified":"2022-12-10T13:45:59","modified_gmt":"2022-12-10T13:45:59","slug":"participa","status":"publish","type":"page","link":"https:\/\/eltenderete.org\/?page_id=30","title":{"rendered":"C\u00d3MO PARTICIPAR"},"content":{"rendered":"\n<p><\/p>\n\n\n<p align=\"center\">\u00a0<\/p>\n<p align=\"justify\"><span style=\"font-family: Calibri, serif;\"><span style=\"font-size: large;\"><b>A) Documentaci\u00f3n <\/b><\/span><\/span><span style=\"font-family: Calibri, serif;\"><span style=\"font-size: large;\">a presentar. <\/span><\/span><span style=\"font-family: Calibri, serif;\"><span style=\"font-size: medium;\">Escribe un email a <\/span><\/span><span style=\"color: #0000ff;\"><u><a href=\"mailto:papeles.tenderete@gmail.com\"><span style=\"font-family: Calibri, serif;\"><span style=\"font-size: medium;\">papeles.tenderete@gmail.com<\/span><\/span><\/a><\/u><\/span> <span style=\"font-family: Calibri, serif;\"><span style=\"font-size: medium;\">NO env\u00edes la documentaci\u00f3n directamente al ayuntamiento<\/span><\/span><span style=\"font-family: Calibri, serif;\"><span style=\"font-size: medium;\">:<\/span><\/span><\/p>\n<ol>\n<li><span style=\"font-family: Calibri, serif;\"><span style=\"font-size: medium;\">Manera f\u00e1cil y corta:<\/span><\/span><\/li>\n<\/ol>\n<ul>\n<li>\n<p align=\"justify\"><a href=\"https:\/\/eltenderete.org\/wp-content\/uploads\/2022\/04\/solicitud-y-declaracion-resonsable.pdf\" target=\"_blank\" rel=\"noopener\"><span style=\"font-family: Calibri, serif;\"><span style=\"font-size: medium;\"><b>Solicitud de participaci\u00f3n<\/b><\/span><\/span><span style=\"font-family: Calibri, serif;\"><span style=\"font-size: medium;\">.<\/span><\/span><\/a><\/p>\n<\/li>\n<li>\n<p align=\"justify\"><span style=\"font-family: Calibri, serif;\"><span style=\"font-size: medium;\">Tu <\/span><\/span><span style=\"font-family: Calibri, serif;\"><span style=\"font-size: medium;\"><b>DNI<\/b><\/span><\/span><span style=\"font-family: Calibri, serif;\"><span style=\"font-size: medium;\">, NIE o pasaporte: con fondo blanco, que no est\u00e9 borroso y por ambas caras.<\/span><\/span><\/p>\n<\/li>\n<li>\n<p align=\"justify\"><a name=\"_GoBack\"><\/a> <span style=\"font-family: Calibri, serif;\"><span style=\"font-size: medium;\"><b>Recibo de socio de una asociaci\u00f3n<\/b><\/span><\/span><span style=\"font-family: Calibri, serif;\"><span style=\"font-size: medium;\">. La asociaci\u00f3n cultural Cabranes te facilita este tr\u00e1mite. Para hacerte socio la cuota es de 10\u20ac\/a\u00f1o previo pago por transferencia bancaria al n\u00famero de cuenta ES20 3059 0017 4829 0631 0921 Tambi\u00e9n puedes hacer un ingreso. El concepto es CUOTA DE SOCIO + NOMBRE.<\/span><\/span><\/p>\n<\/li>\n<li>\n<p align=\"justify\"><span style=\"font-family: Calibri, serif;\"><span style=\"font-size: medium;\">Si tu puesto es de comida, aporta el <\/span><\/span><span style=\"font-family: Calibri, serif;\"><span style=\"font-size: medium;\"><b>carnet de manipulador<\/b><\/span><\/span><span style=\"font-family: Calibri, serif;\"><span style=\"font-size: medium;\"> de alimentos.<\/span><\/span><\/p>\n<\/li>\n<\/ul>\n<ol start=\"2\" type=\"a\">\n<li>\n<p align=\"justify\"><span style=\"font-family: Calibri, serif;\"><span style=\"font-size: medium;\">Los aut\u00f3nomos, pueden elegir la manera anterior o la opci\u00f3n larga:<\/span><\/span><\/p>\n<\/li>\n<\/ol>\n<ul>\n<li>\n<p align=\"justify\"><span style=\"font-family: Calibri, serif;\"><span style=\"font-size: medium;\">Fotocopia del DNI, NIF, CIF, Pasaporte o tarjeta de residencia si se trata de ciudadanos comunitarios, o permiso de residencia y de trabajo si se trata de ciudadanos de pa\u00edses no comunitarios.<\/span><\/span><\/p>\n<\/li>\n<li>\n<p align=\"justify\"><span style=\"font-family: Calibri, serif;\"><span style=\"font-size: medium;\">Copia compulsada del Alta en el ep\u00edgrafe correspondiente de la Licencia Fiscal de actividades comerciales e industriales, y justificante de hallarse al corriente del pago de la tarifa correspondiente de venta ambulante. <\/span><\/span><\/p>\n<\/li>\n<li>\n<p align=\"justify\"><span style=\"font-family: Calibri, serif;\"><span style=\"font-size: medium;\">Documento que justifique el alta como trabajador aut\u00f3nomo en la Seguridad Social o documentaci\u00f3n de alta en Cooperativa y TC2, as\u00ed como certificado de hallarse al corriente de dicho pago y de las obligaciones tributarias.<\/span><\/span><\/p>\n<\/li>\n<li>\n<p align=\"justify\"><span style=\"font-family: Calibri, serif;\"><span style=\"font-size: medium;\">Copia de la p\u00f3liza de seguro de responsabilidad civil.<\/span><\/span><\/p>\n<\/li>\n<li>\n<p align=\"justify\"><span style=\"font-family: Calibri, serif;\"><span style=\"font-size: medium;\">Fotocopia del Carn\u00e9 de Manipulador de Alimentos en vigor, para puestos con productos alimenticios y otros casos en los que es obligatorio.<\/span><\/span><\/p>\n<\/li>\n<li>\n<p align=\"justify\"><span style=\"font-family: Calibri, serif;\"><span style=\"font-size: medium;\">Ficha de participaci\u00f3n en el mercado expedida por el ayuntamiento.<\/span><\/span><\/p>\n<\/li>\n<\/ul>\n<p>\u00a0<\/p>\n<p align=\"justify\"><span style=\"font-family: Calibri, serif;\"><span style=\"font-size: large;\"><b>B)\u00a0\u00a0 <\/b>Asistencia<\/span><\/span><span style=\"font-family: Calibri, serif;\"><span style=\"font-size: large;\"> al evento<\/span><\/span><span style=\"font-family: Calibri, serif;\"><span style=\"font-size: large;\"><b>:<\/b><\/span><\/span><\/p>\n<ul>\n<li>\n<p align=\"justify\"><span style=\"font-family: Calibri, serif;\"><span style=\"font-size: medium;\">Rellenas el <\/span><\/span><span style=\"font-family: Calibri, serif;\"><span style=\"font-size: medium;\"><b>formulario mensual de asistencia<\/b><\/span><\/span><span style=\"font-family: Calibri, serif;\"><span style=\"font-size: medium;\">, desde la web o a trav\u00e9s del enlace <\/span><\/span><span style=\"color: #0000ff;\"><u><a href=\"http:\/\/bit.ly\/SolicitudElTenderete\"><span style=\"font-family: Calibri, serif;\"><span style=\"font-size: medium;\">http:\/\/bit.ly\/SolicitudElTenderete<\/span><\/span><\/a><\/u><\/span><\/p>\n<\/li>\n<li>\n<p align=\"justify\"><span style=\"font-family: Calibri, serif;\"><span style=\"font-size: medium;\">En el <\/span><\/span><span style=\"font-family: Calibri, serif;\"><span style=\"font-size: medium;\"><b>grupo de whatsapp<\/b><\/span><\/span><span style=\"font-family: Calibri, serif;\"><span style=\"font-size: medium;\"> te confirmamos la participaci\u00f3n mensual al mercado e iremos informando de todo. \u00danete si lo deseas con el enlace al grupo que te facilitamos. Tel\u00e9fono de contacto: 644943882.<\/span><\/span><\/p>\n<\/li>\n<\/ul>\n<p>\u00a0<\/p>\n<p align=\"justify\"><span style=\"font-family: Calibri, serif;\"><span style=\"font-size: large;\"><strong>C)<\/strong> Presentar y rellenar el <strong>formulario<\/strong>: <\/span><\/span><span style=\"font-family: Calibri, serif;\"><span style=\"font-size: large;\">hasta <\/span><\/span><span style=\"font-family: Calibri, serif;\"><span style=\"font-size: large;\"><u><b>15 d\u00edas antes<\/b><\/u><\/span><\/span><span style=\"font-family: Calibri, serif;\"><span style=\"font-size: large;\"> de la celebraci\u00f3n del mercado.<\/span><\/span><\/p>\n<p align=\"justify\">\u00a0<\/p>\n<p align=\"justify\"><span style=\"font-family: Calibri, serif;\"><span style=\"font-size: large;\"><strong>D)<\/strong>\u00a0\u00a0 Para una buena convivencia, ten presente el <\/span><\/span><span style=\"font-family: Calibri, serif;\"><span style=\"font-size: large;\"><b>dec\u00e1logo<\/b><\/span><\/span><span style=\"font-family: Calibri, serif;\"><span style=\"font-size: large;\"> del mercado y:<\/span><\/span><\/p>\n<ul>\n<li>\n<p align=\"justify\"><span style=\"font-family: Calibri, serif;\"><span style=\"font-size: medium;\">El permiso de venta ambulante <\/span><\/span><span style=\"font-family: Calibri, serif;\"><span style=\"font-size: medium;\"><b>te lo entregaremos en el propio mercado<\/b><\/span><\/span><\/p>\n<\/li>\n<li>\n<p align=\"justify\"><span style=\"font-family: Calibri, serif;\"><span style=\"font-size: medium;\">Cuida que el documento est\u00e9 <\/span><\/span><span style=\"font-family: Calibri, serif;\"><span style=\"font-size: medium;\"><b>visible <\/b><\/span><\/span><span style=\"font-family: Calibri, serif;\"><span style=\"font-size: medium;\">en tu puesto.<\/span><\/span><\/p>\n<\/li>\n<li>\n<p align=\"justify\"><span style=\"font-family: Calibri, serif;\"><span style=\"font-size: medium;\">La documentaci\u00f3n se <\/span><\/span><span style=\"font-family: Calibri, serif;\"><span style=\"font-size: medium;\"><b>renueva anualmente<\/b><\/span><\/span><span style=\"font-family: Calibri, serif;\"><span style=\"font-size: medium;\">. Te recomendamos hacerlo a principio de a\u00f1o. <\/span><\/span><\/p>\n<\/li>\n<li>\n<p align=\"justify\"><span style=\"font-family: Calibri, serif;\"><span style=\"font-size: medium;\">En el caso de ser dos personas en un mismo puesto, solicita el permiso de venta ambulante para ambos.<\/span><\/span><\/p>\n<\/li>\n<\/ul>\n<p align=\"justify\"><span style=\"font-family: Calibri, serif;\"><span style=\"font-size: medium;\">Si tienes dudas con respecto a la participaci\u00f3n en el mercado: <\/span><\/span><span style=\"font-family: Calibri, serif;\"><span style=\"font-size: medium;\">whatsapp 644943882 o en nuestra p\u00e1gina web <\/span><\/span><span style=\"font-family: Calibri, serif;\"><span style=\"font-size: medium;\">eltenderete.org<\/span><\/span><\/p>\n<p align=\"justify\"><span style=\"font-family: Calibri, serif;\"><span style=\"font-size: medium;\">Si tienes alguna duda con respecto a la documentaci\u00f3n, escribe a <\/span><\/span><span style=\"color: #0000ff;\"><u><a href=\"mailto:papeles.tenderete@gmail.com\"><span style=\"font-family: Calibri, serif;\"><span style=\"font-size: medium;\">papeles.tenderete@gmail.com<\/span><\/span><\/a><\/u><\/span><\/p>\n<p align=\"right\">\u00a0<\/p>\n<p align=\"right\"><span style=\"font-family: Calibri, serif;\"><span style=\"font-size: large;\">La Organizaci\u00f3n EL TENDERETE<\/span><\/span><\/p>\n\n\n<p><\/p>\n","protected":false},"excerpt":{"rendered":"<p>\u00a0 A) Documentaci\u00f3n a presentar. Escribe un email a papeles.tenderete@gmail.com NO env\u00edes la documentaci\u00f3n directamente al ayuntamiento: Manera f\u00e1cil y corta: Solicitud de participaci\u00f3n. Tu DNI, NIE o pasaporte: con fondo blanco, que no est\u00e9 borroso y por ambas caras. Recibo de socio de una asociaci\u00f3n. La asociaci\u00f3n cultural Cabranes te facilita este tr\u00e1mite. Para [&hellip;]<\/p>\n","protected":false},"author":1,"featured_media":177,"parent":0,"menu_order":0,"comment_status":"closed","ping_status":"closed","template":"template-fullwidth.php","meta":{"footnotes":""},"class_list":["post-30","page","type-page","status-publish","has-post-thumbnail","hentry","post-preview"],"jetpack_sharing_enabled":true,"jetpack_likes_enabled":true,"jetpack-related-posts":[],"_links":{"self":[{"href":"https:\/\/eltenderete.org\/index.php?rest_route=\/wp\/v2\/pages\/30","targetHints":{"allow":["GET"]}}],"collection":[{"href":"https:\/\/eltenderete.org\/index.php?rest_route=\/wp\/v2\/pages"}],"about":[{"href":"https:\/\/eltenderete.org\/index.php?rest_route=\/wp\/v2\/types\/page"}],"author":[{"embeddable":true,"href":"https:\/\/eltenderete.org\/index.php?rest_route=\/wp\/v2\/users\/1"}],"replies":[{"embeddable":true,"href":"https:\/\/eltenderete.org\/index.php?rest_route=%2Fwp%2Fv2%2Fcomments&post=30"}],"version-history":[{"count":15,"href":"https:\/\/eltenderete.org\/index.php?rest_route=\/wp\/v2\/pages\/30\/revisions"}],"predecessor-version":[{"id":948,"href":"https:\/\/eltenderete.org\/index.php?rest_route=\/wp\/v2\/pages\/30\/revisions\/948"}],"wp:featuredmedia":[{"embeddable":true,"href":"https:\/\/eltenderete.org\/index.php?rest_route=\/"}],"wp:attachment":[{"href":"https:\/\/eltenderete.org\/index.php?rest_route=%2Fwp%2Fv2%2Fmedia&parent=30"}],"curies":[{"name":"wp","href":"https:\/\/api.w.org\/{rel}","templated":true}]}}